{"id":3,"date":"2025-11-12T18:27:46","date_gmt":"2025-11-12T17:27:46","guid":{"rendered":"https:\/\/rugbysanmauro.it\/?page_id=3"},"modified":"2025-11-14T15:00:39","modified_gmt":"2025-11-14T14:00:39","slug":"privacy-policy","status":"publish","type":"page","link":"https:\/\/rugbysanmauro.it\/index.php\/privacy-policy\/","title":{"rendered":"Privacy Policy"},"content":{"rendered":"\n<h3 class=\"wp-block-heading\">Titolare del trattamento<\/h3>\n\n\n\n<p>Il titolare del trattamento dei dati personali raccolti attraverso il sito rugbysanmauro.it \u00e8:<\/p>\n\n\n\n<p><strong>ASD Rugby San Mauro<\/strong><br>Codice Fiscale 03028610016<\/p>\n\n\n\n<h2 class=\"wp-block-heading\">Quali dati personali raccogliamo e perch\u00e9 li raccogliamo<\/h2>\n\n\n\n<h3 class=\"wp-block-heading\">Cookie policy<\/h3>\n\n\n\n<p>Vedi <a href=\"https:\/\/rugbysanmauro.it\/index.php\/cookie-policy-ue\/\">pagina della cookie policy<\/a>.<\/p>\n\n\n\n<h2 class=\"wp-block-heading\">Contenuto incorporato da altri siti web<\/h2>\n\n\n\n<p>Gli articoli su questo sito possono includere contenuti incorporati (ad esempio video, immagini, articoli, ecc.). I contenuti incorporati da altri siti web si comportano esattamente allo stesso modo come se il visitatore avesse visitato l\u2019altro sito web.<\/p>\n\n\n\n<p>Questi siti web possono raccogliere dati su di te, usare cookie, integrare ulteriori tracciamenti di terze parti e monitorare l\u2019interazione con essi, incluso il tracciamento della tua interazione con il contenuto incorporato se hai un account e sei connesso a quei siti web.<\/p>\n\n\n\n<h3 class=\"wp-block-heading\">Analytics<\/h3>\n\n\n\n<p>Il sito web utilizza il servizio Google Analytics per monitorare l\u2019utilizzo del sito da parte degli utenti.<br>Google Analytics \u00e8 uno strumento di analisi di Google che attraverso l\u2019uso di cookies (performance cookies), raccoglie dati di navigazione anonimi (IP troncati all\u2019ultimo ottetto) ed esclusivamente aggregati allo scopo di esaminare l\u2019uso del sito da parte degli utenti, compilare report sulle attivit\u00e0 nel sito e fornire altre informazioni, tra cui il numero dei visitatori e le pagine visitate. <br>Google pu\u00f2 anche trasferire queste informazioni a terzi ove ci\u00f2 sia imposto dalla legge o laddove tali terzi trattino le suddette informazioni per conto di Google. I dati trasmessi a Google sono depositati presso i server di Google.<br>Ulteriori informazioni sui cookies di Google Analytics si trovano alla pagina <a href=\"https:\/\/developers.google.com\/analytics\/devguides\/collection\/analyticsjs\/cookie-usage\" target=\"_blank\" rel=\"noreferrer noopener\">Google Analytics Cookie Usage on Websites<\/a>.<\/p>\n\n\n\n<h3 class=\"wp-block-heading\">Facebook Pixel<\/h3>\n\n\n\n<p>Il cookie Facebook Pixel \u00e8 uno strumento di Facebook che consente di monitorare le conversioni che si verificano su un sito Web come risultato delle inserzioni su Facebook.<br>Il sito non utilizza questo cookie per finalit\u00e0 di profilazione dell\u2019interessato ma soltanto per fini statistici raccogliendo i dati su come l&#8217;utente utilizza il sito. <br>Maggiori informazioni sul funzionamento di Facebook Pixel si trovano sulla pagina di <a href=\"https:\/\/www.facebook.com\/privacy\/explanation\" target=\"_blank\" rel=\"noreferrer noopener\">Privacy Policy<\/a> di Facebook.<\/p>\n\n\n\n<h3 class=\"wp-block-heading\">Complianz | The Privacy Suite for WordPress<\/h3>\n\n\n\n<p>Questo sito web utilizza il plugin &#8220;Complianz Privacy Suite for WordPress&#8221; per raccogliere e registrare il consenso basato sul browser e sul dispositivo. Per questa funzionalit\u00e0, il tuo indirizzo IP viene reso anonimo e memorizzato nel nostro database. Questo servizio non elabora alcuna informazione di identificazione personale e non condivide alcun dato con il fornitore del servizio. Per ulteriori informazioni, consulta la pagina di Complianz <a href=\"https:\/\/complianz.io\/legal\/privacy-statement\/\">Privacy Statement<\/a>.<\/p>\n\n\n\n<h2 class=\"wp-block-heading\">Per quanto tempo conserviamo i tuoi dati<\/h2>\n\n\n\n<p>Per gli utenti che si registrano sul nostro sito web (se presenti), memorizziamo anche le informazioni personali che forniscono nel loro profilo utente. Tutti gli utenti possono vedere, modificare o cancellare le loro informazioni personali in qualsiasi momento (eccetto il loro nome utente che non possono cambiare). Gli amministratori del sito web possono anche vedere e modificare queste informazioni.<\/p>\n\n\n\n<h2 class=\"wp-block-heading\">Quali diritti hai sui tuoi dati<\/h2>\n\n\n\n<p>Se hai un account su questo sito puoi richiedere di ricevere un file esportato dal sito con i dati personali che abbiamo su di te, compresi i dati che ci hai fornito. Puoi anche richiedere che cancelliamo tutti i dati personali che ti riguardano. Questo non include i dati che siamo obbligati a conservare per scopi amministrativi, legali o di sicurezza.<\/p>\n","protected":false},"excerpt":{"rendered":"<p>Titolare del trattamento Il titolare del trattamento dei dati personali raccolti attraverso il sito rugbysanmauro.it \u00e8: ASD Rugby San MauroCodice Fiscale 03028610016 Quali dati personali raccogliamo e perch\u00e9 li raccogliamo Cookie policy Vedi pagina della cookie policy. Contenuto incorporato da altri siti web Gli articoli su questo sito possono includere contenuti incorporati (ad esempio video, [&hellip;]<\/p>\n","protected":false},"author":1,"featured_media":0,"parent":0,"menu_order":6,"comment_status":"closed","ping_status":"closed","template":"","meta":{"footnotes":""},"class_list":["post-3","page","type-page","status-publish","hentry"],"yoast_head":"<!-- This site is optimized with the Yoast SEO plugin v27.5 - https:\/\/yoast.com\/product\/yoast-seo-wordpress\/ -->\n<title>Privacy Policy - Rugby San Mauro<\/title>\n<meta name=\"robots\" content=\"index, follow, max-snippet:-1, max-image-preview:large, max-video-preview:-1\" \/>\n<link rel=\"canonical\" href=\"https:\/\/rugbysanmauro.it\/index.php\/privacy-policy\/\" \/>\n<meta property=\"og:locale\" content=\"it_IT\" \/>\n<meta property=\"og:type\" content=\"article\" \/>\n<meta property=\"og:title\" content=\"Privacy Policy - Rugby San Mauro\" \/>\n<meta property=\"og:description\" content=\"Titolare del trattamento Il titolare del trattamento dei dati personali raccolti attraverso il sito rugbysanmauro.it \u00e8: ASD Rugby San MauroCodice Fiscale 03028610016 Quali dati personali raccogliamo e perch\u00e9 li raccogliamo Cookie policy Vedi pagina della cookie policy. Contenuto incorporato da altri siti web Gli articoli su questo sito possono includere contenuti incorporati (ad esempio video, [&hellip;]\" \/>\n<meta property=\"og:url\" content=\"https:\/\/rugbysanmauro.it\/index.php\/privacy-policy\/\" \/>\n<meta property=\"og:site_name\" content=\"Rugby San Mauro\" \/>\n<meta property=\"article:publisher\" content=\"https:\/\/www.facebook.com\/rugbysanmauro\/\" \/>\n<meta property=\"article:modified_time\" content=\"2025-11-14T14:00:39+00:00\" \/>\n<script type=\"application\/ld+json\" class=\"yoast-schema-graph\">{\"@context\":\"https:\\\/\\\/schema.org\",\"@graph\":[{\"@type\":\"WebPage\",\"@id\":\"https:\\\/\\\/rugbysanmauro.it\\\/index.php\\\/privacy-policy\\\/\",\"url\":\"https:\\\/\\\/rugbysanmauro.it\\\/index.php\\\/privacy-policy\\\/\",\"name\":\"Privacy Policy - Rugby San Mauro\",\"isPartOf\":{\"@id\":\"https:\\\/\\\/rugbysanmauro.it\\\/#website\"},\"datePublished\":\"2025-11-12T17:27:46+00:00\",\"dateModified\":\"2025-11-14T14:00:39+00:00\",\"breadcrumb\":{\"@id\":\"https:\\\/\\\/rugbysanmauro.it\\\/index.php\\\/privacy-policy\\\/#breadcrumb\"},\"inLanguage\":\"it-IT\",\"potentialAction\":[{\"@type\":\"ReadAction\",\"target\":[\"https:\\\/\\\/rugbysanmauro.it\\\/index.php\\\/privacy-policy\\\/\"]}]},{\"@type\":\"BreadcrumbList\",\"@id\":\"https:\\\/\\\/rugbysanmauro.it\\\/index.php\\\/privacy-policy\\\/#breadcrumb\",\"itemListElement\":[{\"@type\":\"ListItem\",\"position\":1,\"name\":\"Home\",\"item\":\"https:\\\/\\\/rugbysanmauro.it\\\/\"},{\"@type\":\"ListItem\",\"position\":2,\"name\":\"Privacy Policy\"}]},{\"@type\":\"WebSite\",\"@id\":\"https:\\\/\\\/rugbysanmauro.it\\\/#website\",\"url\":\"https:\\\/\\\/rugbysanmauro.it\\\/\",\"name\":\"Rugby San Mauro\",\"description\":\"\",\"publisher\":{\"@id\":\"https:\\\/\\\/rugbysanmauro.it\\\/#organization\"},\"potentialAction\":[{\"@type\":\"SearchAction\",\"target\":{\"@type\":\"EntryPoint\",\"urlTemplate\":\"https:\\\/\\\/rugbysanmauro.it\\\/?s={search_term_string}\"},\"query-input\":{\"@type\":\"PropertyValueSpecification\",\"valueRequired\":true,\"valueName\":\"search_term_string\"}}],\"inLanguage\":\"it-IT\"},{\"@type\":\"Organization\",\"@id\":\"https:\\\/\\\/rugbysanmauro.it\\\/#organization\",\"name\":\"ASD Rugby San Mauro\",\"url\":\"https:\\\/\\\/rugbysanmauro.it\\\/\",\"logo\":{\"@type\":\"ImageObject\",\"inLanguage\":\"it-IT\",\"@id\":\"https:\\\/\\\/rugbysanmauro.it\\\/#\\\/schema\\\/logo\\\/image\\\/\",\"url\":\"https:\\\/\\\/rugbysanmauro.it\\\/wp-content\\\/uploads\\\/2025\\\/10\\\/Logo-San-Mauro-Rugby-scudo.webp\",\"contentUrl\":\"https:\\\/\\\/rugbysanmauro.it\\\/wp-content\\\/uploads\\\/2025\\\/10\\\/Logo-San-Mauro-Rugby-scudo.webp\",\"width\":512,\"height\":512,\"caption\":\"ASD Rugby San Mauro\"},\"image\":{\"@id\":\"https:\\\/\\\/rugbysanmauro.it\\\/#\\\/schema\\\/logo\\\/image\\\/\"},\"sameAs\":[\"https:\\\/\\\/www.facebook.com\\\/rugbysanmauro\\\/\",\"https:\\\/\\\/www.instagram.com\\\/rugbysanmauro\\\/\"]}]}<\/script>\n<!-- \/ Yoast SEO plugin. -->","yoast_head_json":{"title":"Privacy Policy - Rugby San Mauro","robots":{"index":"index","follow":"follow","max-snippet":"max-snippet:-1","max-image-preview":"max-image-preview:large","max-video-preview":"max-video-preview:-1"},"canonical":"https:\/\/rugbysanmauro.it\/index.php\/privacy-policy\/","og_locale":"it_IT","og_type":"article","og_title":"Privacy Policy - Rugby San Mauro","og_description":"Titolare del trattamento Il titolare del trattamento dei dati personali raccolti attraverso il sito rugbysanmauro.it \u00e8: ASD Rugby San MauroCodice Fiscale 03028610016 Quali dati personali raccogliamo e perch\u00e9 li raccogliamo Cookie policy Vedi pagina della cookie policy. Contenuto incorporato da altri siti web Gli articoli su questo sito possono includere contenuti incorporati (ad esempio video, [&hellip;]","og_url":"https:\/\/rugbysanmauro.it\/index.php\/privacy-policy\/","og_site_name":"Rugby San Mauro","article_publisher":"https:\/\/www.facebook.com\/rugbysanmauro\/","article_modified_time":"2025-11-14T14:00:39+00:00","schema":{"@context":"https:\/\/schema.org","@graph":[{"@type":"WebPage","@id":"https:\/\/rugbysanmauro.it\/index.php\/privacy-policy\/","url":"https:\/\/rugbysanmauro.it\/index.php\/privacy-policy\/","name":"Privacy Policy - Rugby San Mauro","isPartOf":{"@id":"https:\/\/rugbysanmauro.it\/#website"},"datePublished":"2025-11-12T17:27:46+00:00","dateModified":"2025-11-14T14:00:39+00:00","breadcrumb":{"@id":"https:\/\/rugbysanmauro.it\/index.php\/privacy-policy\/#breadcrumb"},"inLanguage":"it-IT","potentialAction":[{"@type":"ReadAction","target":["https:\/\/rugbysanmauro.it\/index.php\/privacy-policy\/"]}]},{"@type":"BreadcrumbList","@id":"https:\/\/rugbysanmauro.it\/index.php\/privacy-policy\/#breadcrumb","itemListElement":[{"@type":"ListItem","position":1,"name":"Home","item":"https:\/\/rugbysanmauro.it\/"},{"@type":"ListItem","position":2,"name":"Privacy Policy"}]},{"@type":"WebSite","@id":"https:\/\/rugbysanmauro.it\/#website","url":"https:\/\/rugbysanmauro.it\/","name":"Rugby San Mauro","description":"","publisher":{"@id":"https:\/\/rugbysanmauro.it\/#organization"},"potentialAction":[{"@type":"SearchAction","target":{"@type":"EntryPoint","urlTemplate":"https:\/\/rugbysanmauro.it\/?s={search_term_string}"},"query-input":{"@type":"PropertyValueSpecification","valueRequired":true,"valueName":"search_term_string"}}],"inLanguage":"it-IT"},{"@type":"Organization","@id":"https:\/\/rugbysanmauro.it\/#organization","name":"ASD Rugby San Mauro","url":"https:\/\/rugbysanmauro.it\/","logo":{"@type":"ImageObject","inLanguage":"it-IT","@id":"https:\/\/rugbysanmauro.it\/#\/schema\/logo\/image\/","url":"https:\/\/rugbysanmauro.it\/wp-content\/uploads\/2025\/10\/Logo-San-Mauro-Rugby-scudo.webp","contentUrl":"https:\/\/rugbysanmauro.it\/wp-content\/uploads\/2025\/10\/Logo-San-Mauro-Rugby-scudo.webp","width":512,"height":512,"caption":"ASD Rugby San Mauro"},"image":{"@id":"https:\/\/rugbysanmauro.it\/#\/schema\/logo\/image\/"},"sameAs":["https:\/\/www.facebook.com\/rugbysanmauro\/","https:\/\/www.instagram.com\/rugbysanmauro\/"]}]}},"_links":{"self":[{"href":"https:\/\/rugbysanmauro.it\/index.php\/wp-json\/wp\/v2\/pages\/3","targetHints":{"allow":["GET"]}}],"collection":[{"href":"https:\/\/rugbysanmauro.it\/index.php\/wp-json\/wp\/v2\/pages"}],"about":[{"href":"https:\/\/rugbysanmauro.it\/index.php\/wp-json\/wp\/v2\/types\/page"}],"author":[{"embeddable":true,"href":"https:\/\/rugbysanmauro.it\/index.php\/wp-json\/wp\/v2\/users\/1"}],"replies":[{"embeddable":true,"href":"https:\/\/rugbysanmauro.it\/index.php\/wp-json\/wp\/v2\/comments?post=3"}],"version-history":[{"count":3,"href":"https:\/\/rugbysanmauro.it\/index.php\/wp-json\/wp\/v2\/pages\/3\/revisions"}],"predecessor-version":[{"id":2913,"href":"https:\/\/rugbysanmauro.it\/index.php\/wp-json\/wp\/v2\/pages\/3\/revisions\/2913"}],"wp:attachment":[{"href":"https:\/\/rugbysanmauro.it\/index.php\/wp-json\/wp\/v2\/media?parent=3"}],"curies":[{"name":"wp","href":"https:\/\/api.w.org\/{rel}","templated":true}]}}